{"id":30,"date":"2024-11-14T00:23:15","date_gmt":"2024-11-13T23:23:15","guid":{"rendered":"https:\/\/www.suedwestschadenservice.de\/WP\/?page_id=30"},"modified":"2026-03-04T08:28:53","modified_gmt":"2026-03-04T07:28:53","slug":"taetigkeitsgebiete","status":"publish","type":"page","link":"https:\/\/www.suedwestschadenservice.de\/?page_id=30","title":{"rendered":"T\u00e4tigkeitsgebiete"},"content":{"rendered":"\n<h2 class=\"wp-block-heading\"><strong>T\u00e4tigkeitsgebiete B\u00fcro Herrnberger<\/strong><\/h2>\n\n\n\n<p><strong>PLZ 40 bis 48 und PLZ 50 bis 53<\/strong><\/p>\n\n\n\n<h2 class=\"wp-block-heading\"><strong>T\u00e4tigkeitsgebiete B\u00fcro S\u00e4lzler<\/strong><\/h2>\n\n\n\n<p><strong>PLZ 54, 55, 60 bis 69, 74 bis 77 und 79<\/strong><\/p>\n\n\n\n<p>Je nach Auftragslage \u00fcbernehmen wir \u2013 nach vorheriger Absprache \u2013 gerne auch Auftr\u00e4ge au\u00dferhalb der genannten Gebiete. Das gilt insbesondere f\u00fcr den Fall von Kumulschadenereignissen. &nbsp;<\/p>\n\n\n\n<p><strong>In den PLZ-Gebieten 48, 53, 54, 60 \u2013 63, 65 und allen oben <u>nicht<\/u> aufgef\u00fchrten PLZ-Gebieten erfolgt die Abrechnung generell nach Aufwand.<\/strong> Ansonsten bieten wir unter bestimmten Voraussetzungen auch die Abrechnung von Pauschalen an. Bitte kontaktieren Sie uns bei Interesse f\u00fcr weitere Informationen.<\/p>\n","protected":false},"excerpt":{"rendered":"<div class=\"entry-summary\">\nT\u00e4tigkeitsgebiete B\u00fcro Herrnberger PLZ 40 bis 48 und PLZ 50 bis 53 T\u00e4tigkeitsgebiete B\u00fcro S\u00e4lzler PLZ 54, 55, 60 bis 69, 74 bis 77 und 79 Je nach Auftragslage \u00fcbernehmen wir \u2013 nach vorheriger Absprache \u2013 gerne auch Auftr\u00e4ge au\u00dferhalb der genannten Gebiete. Das gilt insbesondere f\u00fcr den Fall von Kumulschadenereignissen. &nbsp; In den PLZ-Gebieten&hellip;\n<\/div>\n<div class=\"link-more\"><a href=\"https:\/\/www.suedwestschadenservice.de\/?page_id=30\" class=\"more-link\">Continue reading<span class=\"screen-reader-text\"> &ldquo;T\u00e4tigkeitsgebiete&rdquo;<\/span>&hellip;<\/a><\/div>\n","protected":false},"author":1,"featured_media":0,"parent":0,"menu_order":0,"comment_status":"closed","ping_status":"closed","template":"","meta":{"footnotes":""},"class_list":["post-30","page","type-page","status-publish","hentry","entry"],"_links":{"self":[{"href":"https:\/\/www.suedwestschadenservice.de\/index.php?rest_route=\/wp\/v2\/pages\/30","targetHints":{"allow":["GET"]}}],"collection":[{"href":"https:\/\/www.suedwestschadenservice.de\/index.php?rest_route=\/wp\/v2\/pages"}],"about":[{"href":"https:\/\/www.suedwestschadenservice.de\/index.php?rest_route=\/wp\/v2\/types\/page"}],"author":[{"embeddable":true,"href":"https:\/\/www.suedwestschadenservice.de\/index.php?rest_route=\/wp\/v2\/users\/1"}],"replies":[{"embeddable":true,"href":"https:\/\/www.suedwestschadenservice.de\/index.php?rest_route=%2Fwp%2Fv2%2Fcomments&post=30"}],"version-history":[{"count":2,"href":"https:\/\/www.suedwestschadenservice.de\/index.php?rest_route=\/wp\/v2\/pages\/30\/revisions"}],"predecessor-version":[{"id":91,"href":"https:\/\/www.suedwestschadenservice.de\/index.php?rest_route=\/wp\/v2\/pages\/30\/revisions\/91"}],"wp:attachment":[{"href":"https:\/\/www.suedwestschadenservice.de\/index.php?rest_route=%2Fwp%2Fv2%2Fmedia&parent=30"}],"curies":[{"name":"wp","href":"https:\/\/api.w.org\/{rel}","templated":true}]}}